209?
True
Does 41 divide 588227?
True
Is 1382562 a multiple of 50?
False
Is 731136 a multiple of 224?
True
Is 25 a factor of 209500?
True
Does 906 divide 20181150?
True
Is 168547 a multiple of 31?
True
Is 4 a factor of 9893?
False
Is 2338200 a multiple of 216?
True
Is 7 a factor of 100121?
True
Is 246 a factor of 5423562?
True
Is 141 a factor of 7189598?
False
Is 228732 a multiple of 21?
True
Is 37978 a multiple of 17?
True
Does 17 divide 399704?
True
Is 331 a factor of 128437?
False
Is 89835 a multiple of 339?
True
Is 570370 a multiple of 50?
False
Is 1574745 a multiple of 4?
False
Is 55 a factor of 192060?
True
Is 19 a factor of 98724?
True
Does 84 divide 147504?
True
Is 221420 a multiple of 10?
True
Is 51266 a multiple of 44?
False
Does 85 divide 20283?
False
Does 869 divide 341517?
True
Is 30 a factor of 42090?
True
Is 260637 a multiple of 38?
False
Is 165828 a multiple of 26?
True
Does 252 divide 769680?
False
Is 12913021 a multiple of 342?
False
Is 625 a factor of 4018750?
True
Is 339 a factor of 476140?
False
Is 39 a factor of 394328?
False
Does 11 divide 6255239?
False
Is 44118 a multiple of 40?
False
Is 97600 a multiple of 122?
True
Does 28 divide 1008084?
True
Is 156845 a multiple of 763?
False
Does 216 divide 35856?
True
Is 343 a factor of 232211?
True
Does 37 divide 38296?
False
Is 437580 a multiple of 495?
True
Does 57 divide 1472709?
True
Does 8 divide 803800?
True
Is 557139 a multiple of 48?
False
Is 10227 a multiple of 3?
True
Is 42 a factor of 14862?
False
Is 110 a factor of 543400?
True
Is 13 a factor of 3373542?
False
Is 457047 a multiple of 43?
True
Does 165 divide 459195?
True
Is 38 a factor of 197762?
False
Is 218226 a multiple of 111?
True
Does 25 divide 1626575?
True
Is 333 a factor of 3363420?
False
Is 362 a factor of 326289?
False
Does 22 divide 147077?
False
Does 641 divide 5901046?
True
Is 33135 a multiple of 177?
False
Does 12 divide 4447?
False
Is 27 a factor of 332416?
False
Is 1431956 a multiple of 152?
False
Is 185250 a multiple of 57?
True
Does 61 divide 94320?
False
Is 455 a factor of 3413410?
True
Is 64 a factor of 3609342?
False
Is 3 a factor of 13944?
True
Is 9 a factor of 952963?
False
Is 1894 a factor of 2049308?
True
Does 2024 divide 5559928?
True
Is 88495 a multiple of 127?
False
Is 321 a factor of 9649120?
False
Is 114 a factor of 7041?
False
Is 91 a factor of 144328?
False
Is 123 a factor of 463341?
True
Is 34 a factor of 648210?
True
Does 237 divide 100962?
True
Does 14 divide 11070163?
False
Is 2611191 a multiple of 66?
False
Does 14 divide 4522294?
True
Is 65088 a multiple of 48?
True
Does 201 divide 2879928?
True
Is 2133715 a multiple of 221?
False
Is 144 a factor of 453600?
True
Is 4788331 a multiple of 48?
False
Is 17784 a multiple of 38?
True
Is 646176 a multiple of 5?
False
Is 1919160 a multiple of 60?
True
Is 59 a factor of 106790?
True
Is 5620636 a multiple of 94?
True
Does 19 divide 134496?
False
Is 11829060 a multiple of 60?
True
Is 10 a factor of 557183?
False
Is 181 a factor of 2151728?
True
Does 18 divide 510308?
False
Is 941829 a multiple of 49?
True
Is 412 a factor of 4014844?
False
Does 16 divide 246306?
False
Is 29 a factor of 211107?
False
Is 77 a factor of 148513?
False
Is 35 a factor of 2016130?
False
Does 45 divide 627435?
True
Is 44 a factor of 44728?
False
Does 32 divide 37984?
True
Is 40 a factor of 7349280?
True
Is 5 a factor of 52886?
False
Does 9 divide 117318?
False
Is 134 a factor of 66598?
True
Does 18 divide 1173101?
False
Does 18 divide 1344672?
True
Does 14 divide 10732064?
True
Is 668 a factor of 19369996?
True
Is 28 a factor of 51819?
False
Is 137942 a multiple of 10?
False
Does 563 divide 2008723?
False
Is 37 a factor of 165279?
True
Is 288377 a multiple of 71?
False
Is 20 a factor of 102008?
False
Is 217 a factor of 139231?
False
Is 482160 a multiple of 70?
True
Is 159 a factor of 136740?
True
Does 117 divide 812565?
True
Is 564465 a multiple of 705?
False
Is 1367093 a multiple of 9?
False
Does 689 divide 496080?
True
Is 194196 a multiple of 9?
False
Does 111 divide 815184?
True
Does 85 divide 277956?
False
Does 120 divide 146377?
False
Is 4 a factor of 46622?
False
Is 169 a factor of 114075?
True
Is 1011809 a multiple of 933?
False
Does 24 divide 629064?
True
Is 234360 a multiple of 216?
True
Is 218314 a multiple of 17?
True
Is 1033910 a multiple of 74?
False
Is 753 a factor of 6242370?
True
Does 314 divide 49298?
True
Is 122 a factor of 4430430?
True
Is 12817440 a multiple of 101?
False
Is 17 a factor of 7231594?
False
Is 26 a factor of 151632?
True
Is 524 a factor of 62519?
False
Is 366 a factor of 361599?
False
Is 123 a factor of 12513?
False
Is 34 a factor of 95914?
True
Does 126 divide 1685124?
True
Does 91 divide 2229136?
True
Is 214 a factor of 1210187?
False
Does 11 divide 509003?
True
Does 30 divide 89654?
False
Is 63776 a multiple of 8?
True
Does 17 divide 1480105?
True
Is 34195 a multiple of 5?
True
Is 19 a factor of 25205992?
False
Does 63 divide 284445?
True
Is 21433611 a multiple of 37?
False
Does 328 divide 61226?
False
Does 11 divide 1961872?
True
Is 7 a factor of 1810277?
True
Is 889 a factor of 1370623?
False
Is 2661924 a multiple of 522?
False
Is 24 a factor of 16008?
True
Does 11 divide 1793070?
False
Is 689 a factor of 27788?
False
Is 29112204 a multiple of 1892?
True
Is 294696 a multiple of 42?
False
Is 156 a factor of 3432?
True
Is 340 a factor of 10335320?
True
Does 398 divide 285366?
True
Does 13 divide 689346?
False
Is 149 a factor of 1334146?
True
Is 14 a factor of 1592824?
False
Is 9 a factor of 40408?
False
Is 59 a factor of 20495597?
True
Does 261 divide 412380?
True
Is 47 a factor of 95128?
True
Is 7405 a multiple of 2?
False
Does 5 divide 5510?
True
Does 11 divide 96184?
True
Is 1264 a factor of 7975840?
True
Is 86104 a multiple of 47?
True
Is 6357092 a multiple of 785?
False
Is 188 a factor of 27636?
True
Is 358 a factor of 1366188?
False
Is 2825487 a multiple of 5?
False
Is 739802 a multiple of 4?
False
Is 85 a factor of 432310?
True
Does 27 divide 29319?
False
Is 31700795 a multiple of 235?
True
Does 3 divide 12317?
False
Does 43 divide 169291?
True
Is 15 a factor of 132555?
True
Is 6 a factor of 70032?
True
Is 3831743 a multiple of 19?
False
Is 13674682 a multiple of 110?
False
Is 285873 a multiple of 21?
True
Is 10 a factor of 469057?
False
Is 1419 a factor of 6107376?
True
Is 29 a factor of 21085552?
True
Does 8 divide 111581?
False
Is 3575077 a multiple of 11?
True
Is 30488 a multiple of 148?
True
Is 21 a factor of 207564?
True
Is 21 a factor of 924126?
True
Does 34 divide 183584?
False
Is 5794270 a multiple of 11?
False
Does 7 divide 506374?
False
Is 784 a factor of 12625180?
False
Does 55 divide 166705?
True
Is 4938888 a multiple of 250?
False
Is 2004568 a multiple of 1016?
True
Is 399189 a multiple of 21?
True
Does 82 divide 156134?
False
Is 24598 a multiple of 13?
False
Is 4657159 a multiple of 13?
True
Does 24 divide 82031?
False
Is 9760652 a multiple of 17?
True
Does 306 divide 223074?
True
Does 71 divide 2892185?
True
Is 16932 a multiple of 16?
False
Is 25235 a multiple of 245?
True
Does 87 divide 805840?
False
Is 1127215 a multiple of 7?
False
Is 818266 a multiple of 125?
False
Is 66 a factor of 707?
False
Is 32 a factor of 15501440?
True
Is 315 a factor of 94815?
True
Is 512 a factor of 193536?
True
Is 262 a factor of 1259377?
False
Is 557276 a multiple of 127?
True
Is 2483 even?
False
Is 729 a factor of 23533001?
False
Does 19 divide 2170826?
True
Is 224147 a multiple of 77?
True
Is 132 a factor of 832392?
True
Does 25 divide 44250?
True
Does 712 divide 2908520?
True
Is 63 a factor of 179928?
True
Does 11 divide 137500?
True
Does 24 divide 617448?
True
Does 175 divide 378334?
False
Is 7540459 a multiple of 512?
False
Is 9235 a multiple of 2?
False
Is 441 a factor of 1695651?
False
Is 91 a factor of 12745824?
True
Is 5979732 a multiple of 206?
False
Is 10 a factor of 1316740?
True
Is 8 a factor of 157104?
True
Is 882 a factor of 2063927?
False
Is 46515 a multiple of 7?
True
Does 12 divide 540?
True
Does 59 divide 20827?
True
Does 39 divide 648222?
False
Does 165 divide 1709730?
True
Is 14 a factor of 30410?
False
Is 31903 a multiple of 2?
False
Does 120 divide 4760758?
False
Is 100 a factor of 299700?
True
Do